 when y is divided by u.
1
Suppose -5*c - 26 - 22 = -3*z, 0 = z - 3*c - 20. Calculate the remainder when 29 is divided by z.
7
Let t(v) = 2*v**2 - 5*v + 18. Let w be t(-8). Calculate the remainder when 41 is divided by w/9 + 1/3.
20
Let o(j) = -j**2 + 6*j - 5. Let f be o(6). Let h be (f/4)/((-7)/(-56)). Let v = 40 + h. What is the remainder when v is divided by 16?
14
Let i = -21 - -13. Calculate the remainder when (-22)/i + 2/8 is divided by 1.
0
Let v = 141 + -112. Calculate the remainder when 84 is divided by v.
26
Let h be 3 - -1*(-1 - 0). Suppose 2*o - h = o. What is the remainder when 2 is divided by o?
0
Suppose -75 = 3*i + 3*d, 7*d - 15 = 2*i + 2*d. Let f = i + 34. What is the remainder when f is divided by 8?
6
Suppose 530 = -38*s + 43*s. What is the remainder when s is divided by 12?
10
Suppose 5*w = -4*n + 50, -14 + 1 = -3*w + n. Let j(d) = 58*d. Let g be j(2). Calculate the remainder when g/w*(-3)/(-2) is divided by 10.
9
Let g = -23 - -26. Calculate the remainder when 12 is divided by g.
0
Let n(d) = -20*d - 8. Calculate the remainder when n(-4) is divided by 25.
22
Let p = -47 - -72. What is the remainder when p is divided by 4/14 - 178/(-14)?
12
Suppose 276 = -6*d + 3*d. Let o = -65 - d. What is the remainder when 53 is divided by o?
26
Let t(h) = 3*h**2 + 3*h + 1. Suppose 5*x = x, 2 = 2*g - 4*x. Calculate the remainder when 2 + 21/g - 3 is divided by t(-2).
6
Let u(w) = -w**2 + 5*w + 6. Calculate the remainder when 45 is divided by u(5).
3
Suppose -3*h + 5*a + 101 = 0, -a = -4*h - 3*a + 152. Let j = 23 - h. Let b = 5 - j. Calculate the remainder when b is divided by 10.
9
Suppose -5*y = 4*t - 34, -5 = 3*t + 7. Suppose -m = -0*m + 3*b - 20, 3*m + 3*b - 54 = 0. What is the remainder when m is divided by y?
7
Let r = 29 + 1. Let m = 23 - 41. Let p = r + m. What is the remainder when 33 is divided by p?
9
Let k be (-78)/24 + (-2)/(-8). Let q(x) = -x**3 - 2*x**2 - x + 3. Calculate the remainder when 29 is divided by q(k).
14
Let q = 101 + 33. What is the remainder when q is divided by 46?
42
Let s(v) = v + 2. Let t be s(4). Suppose 2*h - 8 = t. Calculate the remainder when h is divided by -1*(-1 - (-1 + 3)).
1
Calculate the remainder when 8646/50 - (-26)/325 is divided by 35.
33
Suppose -f - 4*f + 30 = 0. Calculate the remainder when 18 is divided by 44/f + 1/(-3).
4
Let j = -4 - -5. Suppose -3 = -s - j. Calculate the remainder when 4 is divided by s.
0
Let g = 21 + 5. Let m = 7 - -2. Calculate the remainder when g is divided by m.
8
Let r = 2 + -4. Let u(g) = 18*g**3 + 3*g**2 - g - 1. Let c be u(2). Calculate the remainder when c/(-3)*r/3 is divided by 12.
10
Suppose -h = -5*h + 12. Suppose 3*r + 2*u + 0 - 12 = 0, 2*r + h*u = 8. Calculate the remainder when 11 is divided by r.
3
Suppose 4*a = -4*f - 68, f = -f - a - 31. Let y be f/(-2 + (-8)/(-6)). Suppose -y = -i + 6. Calculate the remainder when i is divided by 14.
13
Let i be (9/(-4))/(3/(-8)). Suppose -i*v = -8*v + 32. What is the remainder when 46 + 1 + -3 + 1 is divided by v?
13
Suppose 4*p - 5*p + 7 = 0. Suppose 0 = x - 24 + p. What is the remainder when x is divided by 9?
8
Suppose 0*y - 4*y + 26 = 2*z, 4*z - 60 = -4*y. Suppose 0 = -5*g + 18 + 27. What is the remainder when z is divided by g?
8
Suppose 22 = 2*j - 0*j. Let y = j - 6. Suppose 0 = y*s - 0*s - 60. Calculate the remainder when 34 is divided by s.
10
Suppose -6 = -d - 3. Suppose d*s - 5*s = -6. Suppose -a + 0*l = s*l - 12, 3*a = -l + 36. Calculate the remainder when 33 is divided by a.
9
Calculate the remainder when (-8*51/(-9) - -1)*3 is divided by 35.
34
Let w(j) = -j**2 - 3*j - 2. Let p be w(-2). Let f be (5 + -2)/1 + p. Let u = f + 10. What is the remainder when 24 is divided by u?
11
Let z be 36/(-30)*(-90)/4. Let m = 38 - z. Calculate the remainder when 42 is divided by m.
9
Let g(t) = t**3 + 3*t**2 - t - 2. Calculate the remainder when 127 is divided by g(2).
15
Suppose 4*d = 101 - 13. Calculate the remainder when 109 is divided by d.
21
Let x = 3 + -11. Calculate the remainder when 25 is divided by x/(-4)*21/6.
4
Let n = -94 + 98. What is the remainder when 39 is divided by n?
3
Suppose 10*l - 16 = 6*l. What is the remainder when 13 is divided by l?
1
Let u(d) be the third derivative of -d**6/120 - d**5/5 - d**4/8 - 3*d**3/2 + 5*d**2. What is the remainder when 79 is divided by u(-12)?
25
Let t = -2 - 2. Calculate the remainder when 28 is divided by (-60)/t*(-2)/(-3).
8
Calculate the remainder when 89 is divided by (368/32)/((-1)/(-4)).
43
Let g(n) = 2*n + 2. Let q = -6 - -7. Let c be q/((-2 + 1)/(-3)). What is the remainder when g(c) is divided by 3?
2
Let d = 0 + -1. Let u be (8/(-2) - 2)*d. Suppose 0 = -2*q + u, 84 = n + 2*n + 3*q. What is the remainder when n is divided by 9?
7
Suppose 0 = 23*s - 25*s + 24. Calculate the remainder when 69 is divided by s.
9
Suppose -7*g - 12 + 117 = 0. What is the remainder when 25 is divided by g?
10
Suppose 0 = -2*s - s + 6. Suppose -4*g - s*a = -84, -a = g + a - 15. Calculate the remainder when g is divided by 13.
10
Let o be 1/2*-2 + -9. Let w be -2 + 0/(-3) + 19. Let x = w + o. Calculate the remainder when 19 is divided by x.
5
Let m = 101 - 66. Calculate the remainder when m is divided by 18.
17
Let o(g) = -g**3 + g**2. What is the remainder when 23 is divided by o(-2)?
11
Let q(s) = -2*s**2 - s + 1. Let c be q(-2). Let n = c + 7. Suppose -4*t - 76 = -4*g, 0*g + 2*t - 54 = -n*g. What is the remainder when g is divided by 8?
7
Suppose 3*t - q + 245 = q, -3*q - 440 = 5*t. What is the remainder when (2/(-5))/(1/t) is divided by 9?
7
Let i be ((-1)/(-3))/((-1)/(-291)). Suppose 4*j - 85 = 5*c - 486, c - 5*j = i. Suppose 4*l = c + 35. Calculate the remainder when l is divided by 10.
8
Calculate the remainder when (3/(-2))/(1/(-46)) is divided by 14.
13
Let d(o) = 9*o**2 - 5*o - 1. Calculate the remainder when d(-1) is divided by 3.
1
Suppose -6*q + 8 + 46 = 0. Calculate the remainder when 17 is divided by q.
8
Calculate the remainder when 16 is divided by 10 - (-1)/4*-4.
7
Suppose 2*t - 2*d = -23 + 117, 5*t = 3*d + 227. Calculate the remainder when t is divided by 15.
13
Suppose 0 = w - 19 + 1. Let g be (-6)/(-27) - 4/w. Let y = 46 + g. Calculate the remainder when y is divided by 16.
14
Let k = -48 - -77. Let o = -5 + 4. Let m(n) = -7*n + 1. Calculate the remainder when k is divided by m(o).
5
What is the remainder when (1444/95)/(4/110) is divided by 35?
33
Suppose 2*f + 3*w - 15 + 84 = 0, 4*f + 5*w = -143. Calculate the remainder when 61 is divided by 1/(0 - 2/f).
19
Suppose 0 = 2*a + 3*g + 64, a + 6 = g + 4*g. Let n = -16 - a. Suppose -5*i - n + 35 = 0. Calculate the remainder when 13 is divided by i.
3
Let y be (-2)/(-4)*(775 + -1). Suppose -291 = -4*u + 6*j - 3*j, -y = -5*u - 4*j. Let d = u - 46. Calculate the remainder when d is divided by 10.
9
Suppose 11*q - 225 + 104 = 0. Calculate the remainder when 173 is divided by q.
8
Suppose 0 = 2*q - 6. Suppose -u = q*u - 12. What is the remainder when u is divided by 1?
0
Let d(i) = i**2 - 2*i - 1. Let p(o) = -o**3. Let u be p(0). Suppose -2*s - 3*s + 65 = u. What is the remainder when s is divided by d(4)?
6
Let p = -40 - -60. What is the remainder when 58 is divided by p?
18
Suppose r + 5*c - 13 = 0, -2*r + r + 4*c - 5 = 0. Suppose -4*b + 5 + r = 0. Calculate the remainder when b is divided by 1.
0
Let a = -1 + 0. Let s(v) = -v**2 + 0*v**3 - 6*v**3 - 2*v**3. Calculate the remainder when 20 is divided by s(a).
6
Let o be 6*(-2)/(-4) - 0. Let u(n) = n**3 - n**2 - 4*n + 3. Calculate the remainder when 26 is divided by u(o).
8
Suppose 0 = 3*u - u - 2. What is the remainder when 0/(u + -2) - -5 is divided by 3 - (1*-3)/(-3)?
1
Let a(y) = -y**3 + 3*y**2 + 4*y + 1. Calculate the remainder when 25 is divided by a(3).
12
Let o(k) = 4*k - 5. What is the remainder when 53 is divided by o(8)?
26
Suppose g - 23 = -u, 2*g - 6*g + u = -67. What is the remainder when 52 is divided by g?
16
Suppose 3*l - 6*l + 4*a = -169, -98 = -2*l - a. Let c = -9 + 36. What is the remainder when l is divided by c?
24
Let y(v) = v**3 + 8*v**2 + 4*v + 6. Suppose h - 2*r - 3 = 0, -h + 5*r + 40 = -5*h. Calculate the remainder when y(h) is divided by 21.
19
Let f(x) = -1. Let j(q) = -15*q - 4. Let g(d) = 6*f(d) - j(d). Calculate the remainder whe